s + 7*s + 5*m - 4605, 4*m + 936 = s. Suppose -2*f + 9*f = s. What is the greatest common divisor of 12 and f?
12
Let l(r) = 2*r**2 - 6*r + 6. Let h be l(6). Let k = 219 - 729. Let w = k - -531. Calculate the greatest common divisor of h and w.
21
Suppose 54 = 8*w - 74. Calculate the highest common factor of w and 188.
4
Let j = -346 + 476. What is the greatest common divisor of 598 and j?
26
Let y = -299 + 335. Suppose -y*v = -44*v + 288. What is the greatest common factor of v and 216?
36
Suppose 22*u + 245*u - 6368 = 68*u. Calculate the highest common factor of u and 672.
32
Suppose 4*w - 5*k = 149, 4*w - 2*k = -5*k + 141. Let z(s) = 12*s**2 - 12*s - 60. Let d be z(-4). What is the greatest common divisor of w and d?
36
Suppose r + 3*i - 77 = 0, 2*r + 71 = -i + 220. Suppose 12*a - 206 = -r. What is the highest common factor of a and 44?
11
Let o = 189 - 177. Let y be 7134/33 + (-20)/110 - 6. What is the highest common divisor of o and y?
6
Let u(c) = -c - 11. Let d(g) = g**2 - 11*g + 10. Let q be d(11). Let x be u(q). Let h be (-246)/x - (-12)/42. Calculate the highest common divisor of h and 108.
12
Suppose -3*z - 5*f = -3*f - 46, -2*z + 37 = -5*f. Let o be z/(-36) - (-1910)/45. Calculate the highest common factor of 462 and o.
42
Suppose 417 = 6*k - 183. Suppose -k = -3*q + 56. Calculate the greatest common factor of 8 and q.
4
Let x(u) = -5*u - 77. Let m be x(-24). Let t = m - 29. Suppose 19*k - t*k = 50. Calculate the greatest common factor of 80 and k.
10
Let z(k) = -2*k**3 - 4*k**2 + 14. Let a be z(-4). Let m = -19 + a. Suppose -3*b - 4 - 5 = -t, -5*t = -b - m. Calculate the greatest common factor of t and 60.
12
Let q(p) = p**3 + 8*p**2 + 2*p + 36. Let u be q(-6). What is the greatest common factor of u and 264?
24
Suppose g = 4*z - 1392, -22*g = -18*g. What is the greatest common divisor of 78 and z?
6
Suppose -5*r - 5 = 0, 0 = -4*b + r - 5*r - 12. Let a be (-30)/b + 2 + 0/(-3). Calculate the highest common factor of 187 and a.
17
Let u = -211 - -221. Suppose -757 = -u*s - 157. Calculate the greatest common divisor of s and 100.
20
Suppose -149 = -2*s - 161. Let g be 23 - -2 - (s - (2 + -3)). Calculate the highest common divisor of 6 and g.
6
Let p(m) = -m**3 - 7*m**2 + 28*m - 8. Let l(t) = -25*t - 110. Let w be l(-4). Let z be p(w). Calculate the greatest common divisor of 24 and z.
12
Let k = -37 + 162. Let i = 333 - 307. Suppose -7*a + 149 = -i. Calculate the highest common factor of a and k.
25
Let p be -19 + -23 + 18 + 51909. Calculate the highest common factor of p and 9.
9
Let k be 4/26 + (-1200)/26. Suppose 165 + 234 = 7*o. Let d = o + k. What is the highest common factor of 11 and d?
11
Let n = 42 + -22. Suppose -4*q = n, -911 = -0*g - 3*g + 4*q. What is the highest common divisor of g and 27?
27
Let v = 6739 - 6719. What is the greatest common divisor of v and 564?
4
Let y(l) = -l**3 + 11*l**2 + 177*l - 12. Let b be y(-9). Let s(a) = a**3 - 2*a**2 - 5*a + 8. Let t be s(4). What is the greatest common divisor of t and b?
5
Let k be 339 - (-20 + (-126)/(-14)). What is the greatest common divisor of k and 35?
35
Let d be ((-183)/(-244))/((6/(-88))/3). Let j be (-31 - -33)*(-3 - d). What is the greatest common divisor of 75 and j?
15
Let x = 1361 + -180. Let i = x - 1130. Let t(c) = -c**3 + 3*c**2 + c - 1. Let q be t(-2). What is the highest common divisor of q and i?
17
Suppose -n + 2 = 4*m, -2*n - 3*m = m. Let w be ((-3)/n)/((-58)/(-116)). Calculate the greatest common factor of w and 33.
3
Let h = 1078 + -982. Calculate the greatest common factor of 117 and h.
3
Let k(m) = 4*m**3 + 35*m**2 + 11*m - 2. Let r be k(8). What is the highest common divisor of 18 and r?
18
Let t = 21 + -16. Suppose 4*p - 27*c + 29*c = 2192, -2*p - t*c + 1088 = 0. What is the highest common divisor of 18 and p?
9
Let v be (21/(-7))/(-3 - 225/(-80)). Let u(g) = 41*g - 208. Let a be u(v). What is the highest common factor of 14 and a?
14
Let z = 43 + 6. Let r = -49 + z. Suppose -4*w + 8 + 32 = r. What is the highest common divisor of 20 and w?
10
Let p(c) = c**2 + 2*c + 1. Let g(t) = -79*t**2 + 9*t + 4. Let j(r) = -g(r) + 4*p(r). Let m be j(2). What is the highest common divisor of 132 and m?
66
Let s(p) = -p**2 - 51*p + 468. Let x be s(-45). Calculate the greatest common divisor of 697 and x.
41
Let z = -8544 - -8727. Calculate the highest common factor of z and 3416.
61
Let c = 24 + 7. Let g be (-24)/(-108) - 173/9. Let p(w) = -w**3 - 18*w**2 + 5*w + 13. Let d be p(g). Calculate the greatest common divisor of c and d.
31
Suppose 1138*u = 1096*u + 1976 + 4534. What is the greatest common factor of u and 250?
5
Let d = 241 - 198. Let a = d - 20. Calculate the highest common divisor of 299 and a.
23
Let i = 1102 + -596. Calculate the highest common factor of i and 88.
22
Suppose 0 = q + 1 + 3. Let n(c) = -c**3 + 6*c**2 + 3*c + 3. Let v be n(q). Let j = v + -91. What is the highest common factor of j and 24?
12
Suppose -41140 = -131*m + 109*m. Calculate the highest common factor of m and 10.
10
Suppose -5650*x = -5647*x - 9072. What is the greatest common factor of x and 224?
112
Suppose -4*b - a + 341 = 0, -3*b + 12*a - 8*a + 270 = 0. Suppose -b*c + 52*c + 1632 = 0. Calculate the highest common divisor of c and 30.
6
Let u(j) = -1117*j + 91603. Let x be u(82). Let b = 615 + 96. Calculate the highest common divisor of x and b.
9
Let r be -10 - ((-2)/(-3)*3 - 5794). Calculate the highest common factor of 118 and r.
118
Let a(p) = -p**2 + 8 - 5*p**2 - p**3 + 1 + p + 3*p**2. Let g be a(-5). Let x = -34 + g. What is the highest common divisor of 4 and x?
4
Let a be 708/4 + -5 + 2. What is the greatest common factor of 5133 and a?
87
Let w be ((-69)/(-46))/(2/28). Let l = -13 + w. Let n(d) = 14*d - 2. Let z be n(l). Calculate the greatest common factor of 10 and z.
10
Let d(x) = x**2 - 3*x - 2. Let u be d(4). Let z be 3/u - (-13508)/88. Calculate the greatest common divisor of z and 31.
31
Let w = -295 - -330. What is the greatest common divisor of w and 280?
35
Let j be (-956)/(-239) + 0 + 100. Calculate the highest common factor of 232 and j.
8
Suppose 29*g = -46*g + 298472 - 54572. What is the greatest common divisor of g and 24?
12
Suppose 9*k = -278 + 872. Let r = -49 + k. Calculate the highest common factor of r and 68.
17
Let t(c) = -9323*c**3 + c**2 + 111*c + 111. Let s be t(-1). Calculate the greatest common factor of s and 36.
36
Let m(d) = 5*d**3 - 104*d**2 - 15*d - 50. Let n be m(21). Let x = 19 + -11. What is the highest common divisor of x and n?
4
Suppose 4*f - 5*s - 1086 = 0, 2*f = -s + 3*s + 544. Let q = f + -208. What is the highest common factor of 22 and q?
22
Let u(j) = j**2 + 5*j + 2. Let w be u(9). Let k(n) = -2*n**3 + 24*n**2 + 17*n - 253. Let c be k(11). What is the highest common factor of w and c?
16
Let n = 5048 - 2248. Calculate the greatest common divisor of n and 175.
175
Let h(d) = -d**3 + 4*d**2 + d. Suppose 0 = -67*l + 64*l - 9. Let q be h(l). Suppose 31*r - 36*r = -q. What is the greatest common divisor of 132 and r?
12
Suppose -r = -h - 2466, -7416 = -3*r - 365*h + 370*h. What is the greatest common divisor of 567 and r?
189
Let s be (32/(-3))/(9/(-567)*2). Calculate the greatest common divisor of 147 and s.
21
Let j = 161 + -136. Suppose -2*h - 17 = -3*z, -2*h - 2*h - 25 = 3*z. Let b = h + j. What is the highest common factor of 6 and b?
6
Suppose -995*h - 6444 = -1013*h. Calculate the highest common factor of 2 and h.
2
Let d be (-7 - -8) + -52*1/(-2). Calculate the highest common divisor of d and 8829.
27
Let l(m) = m**3 + 22*m - 43. Let f be l(5). Suppose f = -198*y + 206*y. Calculate the highest common divisor of 564 and y.
12
Let a be 1 - ((-8 - -2) + 1)*(-441)/(-15). What is the greatest common factor of 703 and a?
37
Let p = -78 - -29. Let h be (p - -4)/(-3) - 5. What is the highest common divisor of h and 30?
10
Suppose 167 = 5*s - 218. Suppose 5*f + x = 53, 0 = -101*f + 97*f + x + 46. What is the greatest common factor of s and f?
11
Let c(z) be the first derivative of -z**4/4 + 14*z**3/3 - 11*z**2 + 29*z - 126. Let n be c(11). What is the highest common factor of n and 250?
50
Let t be (-17 + 0)*-17 - -5. Let i be ((-10)/20)/(1*(-3)/t). Suppose -23*j = -22*j - i. Calculate the greatest common divisor of j a